{"id":1478,"date":"2013-05-09T09:58:58","date_gmt":"2013-05-09T07:58:58","guid":{"rendered":"http:\/\/blog.die-aktive.de\/?page_id=1478"},"modified":"2013-05-09T09:58:58","modified_gmt":"2013-05-09T07:58:58","slug":"die-aktive","status":"publish","type":"page","link":"https:\/\/die-aktive.de\/?page_id=1478","title":{"rendered":"Die Aktive"},"content":{"rendered":"<h2>Wer wir sind&#8230;.<\/h2>\n<p><span style=\"color: #0000ff;\">Aktive B\u00fcrger Gemeinschaft<\/span> genannt \u201e<em><strong><span style=\"color: #0000ff;\">Die Aktive<\/span><\/strong><\/em>\u201c. Wir sind ein Zusammenschluss engagierter B\u00fcrgerinnen und B\u00fcrger aus allen Gesellschaftsschichten. Entstanden sind wir 2003 aus der Grundwasser-Aktive Korschenbroich. Die L\u00f6sung des Grundwasserproblems, Demokratie, Transparenz, B\u00fcrgerbeteiligung, der demographische Wandel sowie Steuerverschwendung und die Haushalts-situation sind unsere Schwerpunktthemen.<br \/>\nWir finanzieren uns ausschlie\u00dflich durch Spenden und Mitgliedsbeitr\u00e4ge derer, die unsere Ziele unterst\u00fctzen. Wir sind keine Partei und achten besonders auf parteipolitische Neutralit\u00e4t. Das \u00fcberkommene Parteienspektrum von &#8222;links und rechts&#8220; und die dazugeh\u00f6rigen festgef\u00fcgten Ideologien lehnen wir ab.<br \/>\nSeit dem 26.09.2004 stellen wir die drittst\u00e4rkste Fraktion im Rat der Stadt Korschenbroich mit insgesamt 8 Vertretern. Manfred Henninger (Fraktionsvorsitzender), Jutta Goebel (stellvertr. Fraktions- vorsitzende), Eberhard B\u00f6hm, Peter Dr\u00fcll, Hanns-Lothar Endell, Dr. Heinrich Kalthoff, Christian K\u00fclbs und Rolf Schmier sind unsere Vertreter im Stadtrat. Gabriele Dietrich ist unsere Vertreterin im Kreistag des Rhein-Kreis Neuss.<\/p>\n","protected":false},"excerpt":{"rendered":"<p>Wer wir sind&#8230;. Aktive B\u00fcrger Gemeinschaft genannt \u201eDie Aktive\u201c. Wir sind ein Zusammenschluss engagierter B\u00fcrgerinnen und B\u00fcrger aus allen Gesellschaftsschichten. Entstanden sind wir 2003 aus der Grundwasser-Aktive Korschenbroich. Die L\u00f6sung des Grundwasserproblems, Demokratie, Transparenz, B\u00fcrgerbeteiligung, der demographische Wandel sowie Steuerverschwendung und die Haushalts-situation sind unsere Schwerpunktthemen. Wir finanzieren uns ausschlie\u00dflich durch Spenden und Mitgliedsbeitr\u00e4ge derer, die unsere Ziele unterst\u00fctzen. Wir sind keine Partei und achten besonders auf parteipolitische Neutralit\u00e4t. Das \u00fcberkommene Parteienspektrum von &#8222;links und [&#8230;]<\/p>\n","protected":false},"author":2,"featured_media":0,"parent":0,"menu_order":0,"comment_status":"closed","ping_status":"closed","template":"","meta":{"footnotes":""},"class_list":["post-1478","page","type-page","status-publish","hentry"],"_links":{"self":[{"href":"https:\/\/die-aktive.de\/index.php?rest_route=\/wp\/v2\/pages\/1478","targetHints":{"allow":["GET"]}}],"collection":[{"href":"https:\/\/die-aktive.de\/index.php?rest_route=\/wp\/v2\/pages"}],"about":[{"href":"https:\/\/die-aktive.de\/index.php?rest_route=\/wp\/v2\/types\/page"}],"author":[{"embeddable":true,"href":"https:\/\/die-aktive.de\/index.php?rest_route=\/wp\/v2\/users\/2"}],"replies":[{"embeddable":true,"href":"https:\/\/die-aktive.de\/index.php?rest_route=%2Fwp%2Fv2%2Fcomments&post=1478"}],"version-history":[{"count":0,"href":"https:\/\/die-aktive.de\/index.php?rest_route=\/wp\/v2\/pages\/1478\/revisions"}],"wp:attachment":[{"href":"https:\/\/die-aktive.de\/index.php?rest_route=%2Fwp%2Fv2%2Fmedia&parent=1478"}],"curies":[{"name":"wp","href":"https:\/\/api.w.org\/{rel}","templated":true}]}}